2. Determine a(u).
-7
Let c = 22 + -17. Let y(b) = b**2 - 5*b + 7. Give y(c).
7
Let t(q) be the third derivative of q**6/120 - q**5/10 + q**4/6 - 5*q**3/6 - 17*q**2. Calculate t(4).
-21
Suppose 4*d - 70 = -10. Let p(y) = -y**2 + 14*y + 11. Let w be p(d). Let l(v) = -v + 5. Determine l(w).
9
Let o(f) = -f - 14. Let y = -101 + 91. Determine o(y).
-4
Let s(q) = -6*q**3 - q. Let w(t) be the third derivative of -t**6/120 - t**5/15 + t**4/6 - 2*t**3/3 + 11*t**2. Let h be w(-5). Give s(h).
-7
Let a(t) = 8*t - 1. Suppose 3*g + 2*h = -13, -2*g - h - 9 = 2*g. Let r(u) = u. Let f(x) = g*a(x) + 6*r(x). Give f(3).
-5
Let v(l) = -l**3 + 8*l**2 + 11*l + 2. Let y(x) = 4*x + 57. Let c be y(-12). What is v(c)?
20
Let p = -22 + 27. Let u(x) = -2*x - 3*x - 4 + 4*x + 2*x. What is u(p)?
1
Let z(h) be the first derivative of h**4/12 - h**3/2 + h**2 + 1. Let g(b) be the second derivative of z(b). Let k(l) = -3*l + 8. Let d be k(2). Give g(d).
1
Let u = 13 - 23. Let j be 24/10 + 4/u. Let t be 1*-2 + 2 + j. Let f(a) = a**3 - 3*a**2 + 2*a + 2. Calculate f(t).
2
Let w be (3/(-4))/((-3)/(-12)). Let s = 4 + w. Let l(o) = 9*o - 5*o - 2*o**3 + 6*o**3 + 1 - 6*o + 2*o**2. Determine l(s).
5
Let n(a) = -a**3 - 2*a**2 + 3*a + 2. Let q be n(-3). Suppose 5*y + 2*p - 8 = 0, -2*y - p = p - q. Let l(z) = z**3 - y*z**3 + 0*z + 2*z. What is l(-2)?
4
Let v(x) be the third derivative of -x**5/20 + x**4/24 + 7*x**3/6 + x**2. Let c(j) be the first derivative of v(j). What is c(-1)?
7
Suppose -7 = -3*j - 1. Suppose -j*w + 7*w + 25 = 0. Let m = w + 5. Let i(b) = -b**2 - b - 1. Determine i(m).
-1
Let o(d) = -4*d**3 - d**2 + d. Let s be o(1). Let f be (0 - 0)/(3 + -1). Let p(l) = -3*l - 3 + f*l**3 - 2*l + l**3 + 3*l**2. Calculate p(s).
1
Let q = 141 + -136. Let f(k) = 2*k - 4. What is f(q)?
6
Let z(h) = 2*h + 4. Let l(t) = -t + 7. Let f(o) = -7. Let w(s) = -4*f(s) - 3*l(s). Let x(i) = 2*w(i) - 5*z(i). Determine x(-5).
14
Let z be -15*(-4)/(-6)*(-3)/6. Let p(u) = u**3 - 6*u**2 + u + 3. What is p(z)?
-17
Let u = -4 + -1. Let l(t) = t + 6. Let d(b) = 2*b + 11. Suppose -5*q + 37 - 2 = 0. Let g(n) = q*l(n) - 4*d(n). Calculate g(u).
3
Let z(m) be the second derivative of -m**4/12 + 2*m**3/3 + 5*m**2/2 + 16*m. Give z(5).
0
Let s(z) = 5*z**3 + 9*z**3 - 5 + 2*z**3 + 20*z - 9*z**2. Let y(q) = 3*q**3 - 2*q**2 + 4*q - 1. Let t(a) = 2*s(a) - 11*y(a). Let n = 4 + -1. Determine t(n).
-2
Let d(h) = 7*h**3 + 3*h**2 - 4*h - 3. Let c(q) = -4*q**3 - 2*q**2 + 2*q + 2. Let w(y) = -5*c(y) - 3*d(y). Determine w(2).
-1
Let r(h) = 3*h + 1. Let o be r(1). Let c = 2 - o. Let j be 0*(-3)/6 + c. Let a(q) = q**3 + q**2 - 3*q - 2. Calculate a(j).
0
Let j(a) = -a**3 - 3*a**2 + 5*a + 4. Let m(r) = r - 1. Let z be m(7). Suppose 0 = -4*h - n - 15, z*n - 1 = -h + n. Determine j(h).
0
Let a(c) = -c**2 - 16. Let p = 7 + -7. Determine a(p).
-16
Let g(v) = -3 - v**2 + 3*v**2 + 0*v**2 - 3*v**2 + 6*v. Suppose -5 = 5*f, -3*f + 26 = 4*q - 5*f. Give g(q).
-3
Let i(o) = o. Let k(u) = 3*u**2 + 10*u + 1. Let l(r) = 6*i(r) - k(r). Give l(-3).
-16
Let p be (1 + 1)/2*3. Let r(o) = -4 + 6 + o**2 + 4*o + p. What is r(-4)?
5
Let q be ((-4)/12)/((-2)/30). Let r(i) = -i - 3. Let p be r(-5). Let m(u) = 6*u + 2 - 3*u**p - 4 + 2*u**2. Give m(q).
3
Let k(j) = j - 1. Let c(z) = 2*z - 1. Let i(a) = -3*c(a) + 7*k(a). Let v be i(2). Let p(o) be the third derivative of -o**4/12 + o**3/3 + o**2. Determine p(v).
6
Let y = 21 + -19. Let i(v) = -v**3 + 2*v - 2*v**y + 4*v**2 + 2 - 1. What is i(3)?
-2
Let s(l) be the second derivative of -l**4/12 + 4*l**3/3 - 2*l**2 + 2*l. Let y be s(8). Let z(u) = -u - 5. Give z(y).
-1
Suppose -a = 3*a - 20. Suppose -a*f + 3*f = 18. Let p be 3/f*-3*-1. Let z(w) = w + 1. Calculate z(p).
0
Let v(a) = 14*a - 15. Let g(p) = 5*p - 5. Let t = -23 - -40. Let j(n) = t*g(n) - 6*v(n). Let b = -35 + 35. Give j(b).
5
Let o(f) be the second derivative of -f**3/6 - f**2 + 25*f. What is o(5)?
-7
Let x(a) = -2*a**3 - 3*a**2 - 3*a. Let y(g) = -g**3 + g**2 - 1. Let d(v) = -x(v) + 3*y(v). Calculate d(6).
15
Let i = 65 + -73. Let l(y) = -y**3 - 7*y**2 + 10*y + 11. Give l(i).
-5
Let q(k) = k. Let l(h) = h**3 + 6*h**2 - h - 2. Let f be l(-6). Let x = 7 - f. Let j(y) = y - 4. Let p be j(x). Give q(p).
-1
Let l(k) = 2*k - 5. Let w(v) = 5*v**2 + v - 1. Let c be w(1). Let f(a) = -a + 2. Let x be (-8)/(-6)*(-9)/(-6). Let u(y) = c*f(y) + x*l(y). Determine u(6).
-6
Let t(f) = 3*f + 1. Let k(d) = -2*d**2 + 13*d - 8. Let u be k(6). Give t(u).
-5
Let o(u) = 4*u + 10*u - 2*u. Determine o(1).
12
Let s(x) = 4*x + 2. Let q(a) = -a**3 + 5*a**2 + 7*a - 9. Suppose 3*c - 26 = -8. Let y be q(c). What is s(y)?
-10
Let i(d) = -1 + 6*d + 2*d - 5*d + 0*d. What is i(6)?
17
Suppose 2*s + 3*a + 8 = 0, -16 = -2*s - 0*a + 3*a. Suppose s*t = 1 + 5. Let n(r) = 0*r - 4*r**2 - t*r - r**3 + 0*r**3. Determine n(-3).
0
Suppose -4*j = -n - 7, 5*n - 4 + 5 = 3*j. Let g = -4 + 6. Let z(x) = -2*x + g*x - 1 + x. Calculate z(n).
0
Let z(v) = -5*v**2 + 2*v**2 - 7*v + 4*v**2 + v. Suppose 3*x - x = 10. Give z(x).
-5
Let s(q) = 5*q**3 + 10*q**2 + 4*q - 2. Let d(o) = 4*o**3 + 9*o**2 + 3*o - 3. Let n(a) = 4*d(a) - 3*s(a). What is n(-6)?
-6
Let z(c) = c + 4. Suppose -i - 2*x - 12 = -5, -x = 1. Calculate z(i).
-1
Let h(s) = -s**2 + 3*s - 3. Let j(q) = 2*q**3 + 2*q**2 - 2*q**2 + q**2. Let d = 2 - 1. Let i be j(d). Calculate h(i).
-3
Let r(n) = -6*n**2 + n - 1. Let m(j) = -j**2 + 5*j + 5. Let c be m(6). Let u = -1 + c. Let w = u - -3. Calculate r(w).
-6
Let s(b) be the second derivative of -5*b**4/12 + b**3/2 - b**2/2 + 11*b. Determine s(2).
-15
Let v(c) = 3 + 28*c**2 - 2 - 2*c - 29*c**2. Give v(-3).
-2
Let g(i) = i**2 + 2. Let t(q) = -q**2 + 4*q - 3. Let w be t(2). Let j(o) = -7 + 3 + w + 6*o - o**2. Let b be j(5). Determine g(b).
6
Let s be (4/8)/((-2)/(-4)). Let n(g) = s + 4*g**2 - 2*g**3 - 2 - 5*g + 5*g - 2*g. Give n(2).
-5
Let s(c) = 3*c - 17*c - c**2 + 2 + 3*c + 6*c. Let f be 0/2 - 12/2. What is s(f)?
-4
Let c(l) be the third derivative of -1/120*l**6 - 5/24*l**4 + 0*l + 5*l**2 - 1/12*l**5 + 0 - 1/2*l**3. Calculate c(-3).
-6
Let y(w) = -w**2 - 3*w + 5. Let b(x) = x - 11. Let i be b(7). Give y(i).
1
Let o(j) be the first derivative of -j**4/4 + j**3/3 + 5*j**2/2 - 3*j - 12. What is o(3)?
-6
Let p(v) = 3*v + v**2 + 3 + 8*v - 2*v - 2*v. Give p(-7).
3
Let f(m) = -4*m - 4. Let i be 4 + (84/3)/(-4). What is f(i)?
8
Let p be 0*(2 - (-10)/(-4)). Suppose -2 + p = -u. Let m(n) = -n - 1. Let v(w) = 11*w + 5. Let r(k) = 6*m(k) + v(k). Calculate r(u).
9
Let y be 3 + (1 - 0 - 3). Suppose -3*o + y = -5. Suppose o*n - 4*n = 0. Let k(h) = -h + 6. Give k(n).
6
Let l(x) = 3*x**2 + x - 3. Let i be l(0). Suppose -6*k = 4*p - 5*k - 13, 5*k = 2*p - 1. Let r(y) = -3 - 4 + p - 4*y. Determine r(i).
8
Suppose -1 = u - 5. Suppose 5*x = u + 6. Let i(s) = -5*s - 1. What is i(x)?
-11
Let c(d) be the second derivative of d**4/12 + 7*d**3/6 - 5*d**2/2 + 13*d. Calculate c(-7).
-5
Suppose -2*d + 4*d + 2 = 0. Suppose 4 = 11*n - 7*n. Let h(u) = 6*u**2 + u + u - 3*u - n. Calculate h(d).
6
Let f(i) = -2*i - 3. Let w be 10/15 - (-44)/6. Suppose -u + 2*u = -5*r + w, 0 = -5*u - r - 8. Let a be f(u). Let d(x) = -2*x - 1. Give d(a).
-3
Suppose -3*a + 4 = a. Let u(t) = -t**2 + 5*t + 7 + 0*t - a - 2. Let x be u(5). Let y(g) = -g**2 + 3*g + 5. Give y(x).
1
Let q(i) = i - 2. Let x(m) = -m**2 + 23*m - 36. Let v be x(21). Determine q(v).
4
Let h(c) be the second derivative of -c**5/20 - 5*c**4/12 - c**3/3 - c**2 - 4*c. Suppose -5*g + 2*p = -0*g + 31, -2*p = -6. What is h(g)?
8
Let l(v) be the first derivative of v**2/2 - 4*v - 2. Calculate l(4).
0
Let s = 46 + -44. Let m(c) = -c**2. Give m(s).
-4
Suppose 0*z + 4*h = -5*z - 6, 3*z - 4*h - 22 = 0. Let c(b) be the third derivative of -b**4/12 - b**3/3 + 25*b**2. Calculate c(z).
-6
Let d(c) = 3*c - 3. Suppose 0 = -4*g + 4*x - 0 + 8, -2*g - 5*x - 31 = 0. Let l be 1*-9*g/9. Determine d(l).
6
Let y(t) = 12*t + 14 + 23*t**2 + 2 - 5 + 13*t**3. Let a(v) = -7*v**3 - 12*v**2 - 6*v - 6. Let w(o) = 11*a(o) + 6*y(o). Determine w(-4).
8
Let g be 2/(-2) - 0 - 4. Let v(t) be the third derivative of 2/3*t**3 + 0*t + 0 - 3*t**2 - 1/60*t**5 - 1/6*t**4. Give v(g).
-1
Suppose -2*b = -3 + 5. Let z(c) = 14*c**3 + c**2 + c + 1. Determine z(b).
-13
Let f(p) = -5*p - 11. Let z(u) = -3*u - 7. Let b(l) = -5*f(l) + 7*z(l)